 = -4*o + 551. Calculate the highest common divisor of o and 18.
18
Suppose 8 = q - 5. What is the highest common divisor of q and 26?
13
Suppose 0 = -75*d + 71*d + 24. Let w be 7/4 - (-3)/12. Calculate the highest common divisor of d and w.
2
Suppose -4*n = 3*c + 3, -3*c = c + n - 9. Suppose i + c = 4. What is the greatest common divisor of 7 and i?
1
Suppose 3*d = 3*s + 24, 1 = -4*s - 15. Calculate the highest common divisor of d and 4.
4
Let j = -31 - -52. Let g = 4 + -1. What is the greatest common divisor of g and j?
3
Let o(w) = 5*w**3 + w**2 + 8*w - 8. Let f(g) = g**3 - g**2 - 1. Let z(q) = 4*f(q) - o(q). Let y be z(-6). What is the greatest common factor of 8 and y?
8
Let y = -6 - -11. Suppose 0 = k + 3*w, -5*k + y = -2*w - 29. Calculate the greatest common divisor of k and 48.
6
Let j be (-342)/(-14) - 45/105. What is the highest common factor of j and 24?
24
Suppose -2*h = 2*g - 88, 4*h - 59 = -3*g + 72. Calculate the greatest common divisor of 9 and g.
9
Let r = 107 - 27. Suppose 0 = 7*z - 6*z. Let g = r + z. What is the greatest common divisor of 10 and g?
10
Let h(x) = 3*x - 1. Suppose 4 = 3*o - 2. Let d be h(o). Suppose 0 = -w + d*v + 44, -w = -v - 56 + 4. What is the greatest common divisor of 18 and w?
18
Let c = 158 - 104. Calculate the highest common factor of c and 36.
18
Let s = 24 + -21. Calculate the greatest common factor of s and 33.
3
Suppose 6*t + 0*t = 24. What is the highest common factor of 8 and t?
4
Let k be (-3)/(-2*3/96). Let h = 4 - -12. What is the highest common divisor of h and k?
16
Let z = -48 - -80. Calculate the greatest common factor of 48 and z.
16
Let s be 2/(-5) + (-22)/(-5). Let x be 30/4 - (-2)/s. Let f be 142/x - (-6)/(-8). What is the greatest common factor of 34 and f?
17
Let k = -342 - -374. Let w be (-2)/(-7) - (-334)/7. Calculate the highest common divisor of w and k.
16
Let u = 1 - 4. Let c(k) = -k**2 - 7*k - 4. Let a be c(u). Suppose 0 = 3*z - 2*z - 5, 2*j - 20 = 4*z. What is the highest common divisor of a and j?
4
Let p be 83 - (-2)/2*-3. Suppose -116 - p = -4*k. What is the greatest common factor of 7 and k?
7
Let z = 0 + 6. Suppose 0 = -d - 6 + 24. Calculate the greatest common divisor of d and z.
6
Let p be ((-1)/2)/(2/(-16)). Let t be (-19)/(-3) - 1/3. Let x be (t/p)/((-6)/(-16)). Calculate the highest common divisor of x and 4.
4
Suppose 5*f - 1 = 4, 4*f = -i + 112. Suppose 0*x = -x - 2*b + 14, 63 = 5*x + 3*b. What is the highest common factor of x and i?
12
Let k = 375 + -156. Suppose k + 21 = 5*j. Let c(r) = -r**3 - 6*r**2 - 4*r + 8. Let o be c(-6). What is the highest common divisor of o and j?
16
Let b = 51 - 26. Suppose -k - 2*k = -9. Let x be 1 + (k - (-2 + -4)). What is the highest common divisor of b and x?
5
Suppose 2*r - r = 12. Calculate the highest common divisor of r and 4.
4
Let z be 890/55 - 2/11. Calculate the highest common divisor of z and 80.
16
Suppose -v - 2 = -0. Let x be (-3)/v*(-112)/(-6). What is the highest common divisor of 70 and x?
14
Let s = 29 - 28. Calculate the highest common divisor of 1 and s.
1
Let h(a) = -13*a - 7. Let n be h(-3). Suppose -4*l - 52 = -d + 20, -2*l = 2*d - 164. Calculate the highest common factor of d and n.
16
Let b be (-96)/(-7) + (-24)/(-84). Let l = 24 - -88. Calculate the highest common divisor of b and l.
14
Let m(c) be the second derivative of -c**5/20 - c**4/3 + c**3 - 3*c**2 + 2*c. Let i be m(-7). Let l = 1 + 10. What is the highest common factor of l and i?
11
Let b be ((-1272)/21)/(-2) + 8/(-28). Calculate the greatest common divisor of b and 30.
30
Let r(u) = 10*u - 1 - 3*u - 16*u. Let l be r(-1). What is the greatest common divisor of l and 20?
4
Suppose -2*i + 126 = -3*i. Let r = 176 + i. Calculate the greatest common divisor of 20 and r.
10
Let y = -24 + 42. Let q(d) = d**2 + d. Let c(v) = -7*v**2 - 2. Let l(w) = -c(w) - 6*q(w). Let h be l(7). Calculate the highest common divisor of h and y.
9
Let t = 169 + -37. Suppose 2*s = s + 12. What is the greatest common factor of s and t?
12
Suppose 0 = -v - 24 - 45. Let c = -29 - v. Calculate the highest common factor of c and 60.
20
Let w(l) = 4*l + 2. Let r be w(-2). Let x(i) = i**2 + 4*i - 7. Let v be x(r). Calculate the greatest common factor of 10 and v.
5
Let v be 111 - -6 - 3*-1. What is the highest common divisor of v and 24?
24
Let s(j) = -j + 0*j - 3 + 1 + 3. Let k be s(7). Let t(b) = 2*b**2 + b + 2. Let d be t(k). Calculate the greatest common divisor of d and 17.
17
Suppose 0 = -4*b - 3*l + 225, -3*l + 373 = 5*b + 94. What is the greatest common divisor of 81 and b?
27
Suppose 4 = -3*p + 4*p. Let t(m) = -8*m + 2. Let j be t(0). What is the greatest common divisor of p and j?
2
Let n(m) = m + 2. Let j be n(-2). Suppose -2*v + 24 = -j*v. What is the highest common factor of v and 12?
12
Let x be (6/(-4))/((-1)/18). Let z(y) = y**2 - 3*y + 5. Let b be z(4). Calculate the greatest common divisor of x and b.
9
Suppose 16*r - 15 = 11*r. Let w(u) = 9*u. Let t be w(3). Calculate the greatest common divisor of t and r.
3
Let t = -7 + 11. Let i(x) = x**2 + x - 2. Let j be i(t). Suppose -4*k - 60 + j = -3*q, 3*q - 45 = 3*k. What is the greatest common factor of q and 27?
9
Let r be (-31)/(-3) + (-2)/(-3). Let o be 6/((-390)/99 + 4). What is the greatest common divisor of r and o?
11
Let m = 34 - 4. Let d be m/5*(-4)/(-3). Calculate the highest common divisor of d and 4.
4
Suppose 3 - 15 = 4*b. Let o be (-336)/b + (-3 - -1). What is the highest common divisor of o and 10?
10
Let c = 5 - 20. Let f = c - -71. What is the highest common factor of f and 14?
14
Suppose -14*z = 3*z - 1666. What is the highest common divisor of z and 245?
49
Suppose -3*g + 44 = -46. What is the greatest common factor of g and 15?
15
Suppose 2*r + 48 = 2*u, -4*u + 3*r - r + 92 = 0. Calculate the highest common divisor of 66 and u.
22
Let d(f) = 2*f - 9. Let c be d(5). Calculate the highest common factor of c and 3.
1
Suppose 347 + 82 = 3*k. Let o = k + -94. Let c = o + -32. Calculate the greatest common factor of c and 68.
17
Let m(n) = -2*n - 3 + n**2 - 2*n + n. Let f be m(-3). Let u(l) = -l**2 - 8*l - 5. Let c be u(-5). What is the greatest common divisor of f and c?
5
Let z be 0/(-4) - 1*-1*2. What is the greatest common divisor of z and 18?
2
Let q(d) be the third derivative of d**5/60 - d**4/24 + d**3/3 - d**2. Let o be q(0). Suppose -7*h + 0*h = -7. Calculate the greatest common factor of o and h.
1
Suppose 2*w + 5*i - 3*i - 66 = 0, 3*w = 2*i + 99. Let m be 258/12 + 1/2. What is the greatest common divisor of w and m?
11
Let f be (-132)/(-10)*180/24. Let u(h) = 3*h**2 + 3*h + 3. Let c be u(-2). Calculate the highest common factor of f and c.
9
Suppose 0 = -12*f + 22*f - 270. Suppose 5*w = 20, -j + 5 = -4*w + 18. What is the highest common factor of f and j?
3
Let y(v) = 9*v**2 - 18*v - 3. Let m be y(5). Calculate the highest common divisor of m and 12.
12
Let t = -11 - -24. What is the highest common factor of 104 and t?
13
Suppose -x + j = -0*x - 17, -5*x = 2*j - 71. What is the highest common factor of 30 and x?
15
Suppose -s + 15 = 2*s. Suppose 2*o + 76 = s*o - 2*i, -o = 2*i - 20. What is the highest common factor of o and 8?
8
Let k = -8 + 14. Suppose v - 2*v = -1. Let l(u) = 5*u - 1. Let p be l(v). Calculate the greatest common divisor of p and k.
2
Let z be (-18)/24 + 1014/8. Calculate the greatest common divisor of z and 14.
14
Suppose -2*d = -3*d - 3. Suppose -15 = -2*p + 1. Let u = d + p. What is the greatest common divisor of u and 20?
5
Suppose -19*z + 640 = -11*z. Calculate the greatest common factor of 20 and z.
20
Let v be 2/(-4)*(-1 - -2)*-66. What is the highest common factor of v and 198?
33
Let s = 39 - -13. Let p be ((-1)/2)/(6/(-48)). Suppose -p + s = 4*t. Calculate the greatest common divisor of t and 24.
12
Let y(b) = b**2 - 7*b - 3. Let w be y(8). Let v(u) = 10*u + 0 - 3 - u**2 - 4*u. Let d be v(w). Calculate the highest common divisor of d and 16.
2
Let k(n) = 4*n + 1. Let l be k(2). Suppose -2*i - 3 + l = 0. What is the greatest common divisor of i and 30?
3
Let p = 137 - 88. What is the highest common divisor of p and 21?
7
Suppose 14 = -0*n + 2*n. Let x = n - 6. Calculate the highest common factor of 2 and x.
1
Let h be (-90)/((2/6)/(2/(-6))). Calculate the hig